 q(-8).
-13
Let k(d) = -830*d - 4130. Let x be k(-5). Let f(p) = -p**2 + 19*p - 5. Determine f(x).
-25
Let h(j) be the second derivative of -j**4/3 - 11*j**3/3 + 6*j**2 - 9056*j. Give h(-7).
-30
Let c(a) = 11*a**2 - 3*a - 5. Suppose -229*d = -499*d - 540. Determine c(d).
45
Suppose 3*p + 9 - 6 = 0. Let n(v) be the first derivative of 2*v**4/3 + v**3/6 - 39*v + 35. Let u(t) be the first derivative of n(t). Give u(p).
7
Let f be ((-2)/(-2))/(1/5). Let v = 2226 - 1286. Let y(m) = m**3 + 4 + 934*m**2 + 12*m - v*m**2 - 8*m. Give y(f).
-1
Let n = 59 + -105. Let r = n - -52. Let y(w) = 4*w - w - r*w + 4*w. Give y(-4).
-4
Suppose 39 = 60*p - 67*p - 52. Let z(h) = -h**2 - 12*h + 11. Determine z(p).
-2
Let s be -3*(5/(-3) + 1). Let k(n) = -21*n - 2*n**2 + n**3 - 24*n + 46*n + 1. Let r(j) = -5*j**3 + 8*j**2 - 6. Let q(z) = 3*k(z) + r(z). Give q(s).
-5
Let o(d) be the first derivative of 1/3*d**3 + 6 + 9/2*d**2 - 13*d. Let b be o(-10). Let h(r) = -r**3 - r**2 + 4*r - 1. Determine h(b).
5
Suppose -15*r + 18*r - 198 = 0. Let q(z) = 71*z**2 - 127*z**2 + r*z**2 - 10 + 12*z - z**3. Determine q(11).
1
Suppose -u + 2*f = u - 8 - 0, u = -3*f. Let m(n) = 3*n**3 - 2*n**2 - 5*n + 1. Let o(a) = -a**3 + a**2 + a + 1. Let k(b) = -m(b) - 2*o(b). Calculate k(u).
-21
Let q(w) = -w**2 + 6*w - 1. Let n = -27 + 59. Let y = 23 - n. Let m(u) = -u**2 - 9*u + 5. Let k be m(y). Give q(k).
4
Let t(c) be the second derivative of c**4/6 + 16*c**3/3 + 2*c**2 - 4*c + 512. Determine t(-13).
-74
Let h(d) = -7 + 5 + 2*d + 3. Let f = 1283 + -1286. Give h(f).
-5
Let k(m) be the first derivative of 13*m**5/120 + m**4/24 + 4*m**3/3 - 4*m - 44. Let l(f) be the third derivative of k(f). Calculate l(2).
27
Let c(h) = -2*h**3 - 22*h**2 + 7*h + 15. Suppose q + 11 = -3*s, 2*q + 6*s + 22 = 9*s. Give c(q).
-62
Let p(m) = -3*m**2 - 5*m + 6. Let i(a) = -4*a**2 + 8*a - 2. Let j be i(0). Determine p(j).
4
Let f(r) = -8*r + 6. Let h(s) = 8*s - 5. Let p(o) = 3*f(o) + 4*h(o). Let k be (4 - 0)*(-7)/14. Determine p(k).
-18
Suppose 3*v - 306 + 321 = -3*a, -5*a - v - 29 = 0. Let c(g) = 3*g**2 + 9*g + 6. Determine c(a).
60
Let t be 0/(1/(-1)) + (-35 - (5 + -37)). Let y(h) = -3*h**2 - 19*h - 7. Calculate y(t).
23
Let g(b) = b**3 - 41*b**2 - 10*b - 13. Let r(c) = c**3 - 37*c**2 - 9*c - 12. Let z(w) = 9*g(w) - 10*r(w). Suppose 0 = -v - 0*v. Calculate z(v).
3
Let p(w) be the second derivative of -w**4/24 - 7*w**3/6 + 88*w**2 - 35*w - 3. Let v(x) be the first derivative of p(x). Determine v(-6).
-1
Let n(j) = 11*j + 40. Suppose 6*a + 4*g = 48 - 20, 3*a - 39 = 3*g. What is n(a)?
128
Suppose -3*x + 6 = 3*u, 2*x - 3*u = 4 + 10. Let q(w) = 9*w - w**2 + x - 4*w - 4*w. Suppose -4*k + 25 = -5*t - 2*k, 0 = -4*t + k - 17. Determine q(t).
-8
Let b(w) be the first derivative of -w**6/360 - 7*w**5/120 + 16*w**3 - 91. Let c(g) be the third derivative of b(g). Give c(-4).
12
Let q(h) be the first derivative of -h**2/2 + 52*h + 11667. Give q(47).
5
Let h(s) = -s**2 + 2*s - 3. Let k(y) = -y**3 - 10*y**2 - 10*y - 18. Let p be k(-9). Let w be -2 + 3*39/9. Let g = p + w. Give h(g).
-3
Let m be (10/4)/(9/(-72)*-10). Let s(g) = -17*g**2 + 5*g**3 + 3*g - 4*g**3 + 35*g**2 - 9*g**m. What is s(-8)?
40
Let k(v) be the third derivative of v**6/15 + v**5/60 + v**4/24 - v**3/6 + 12*v**2 + 86*v + 1. What is k(1)?
9
Let x(f) = 2*f**2 + 17*f + f**2 + 6158 - 6150 + f**2. What is x(-4)?
4
Let o(x) be the third derivative of x**5/24 - 5*x**4/12 - 25*x**3/2 - 21*x**2 + 2. Let h(c) be the first derivative of o(c). What is h(4)?
10
Let y = 5 - 8. Let o(c) be the second derivative of -318*c + 1/12*c**4 + 0*c**2 + 1/6*c**3 + 0. Calculate o(y).
6
Suppose -4*d + 9 = -3*n, 10*n + 3*d - 14 = 5*n. Suppose 6*p = n + 5. Let l(i) be the third derivative of 3*i**4/8 + i**3/6 - 2*i**2. Calculate l(p).
10
Suppose -4*n = 32, -15*i = -16*i - 5*n - 42. Let l(o) = o**3 - 2*o**2 - 7*o - 2. What is l(i)?
-4
Let f(v) = 13*v + 8*v + 12*v - 136*v + 10 + 111*v - 2*v**2. Give f(-5).
-80
Let o(t) = 5*t - 2 + 1 - 3*t - t**2 + 0 - 12*t. Suppose 3*g + 9 = 6*g, -2*p = -g - 1. Suppose p*j + 36 = -2*j. Give o(j).
8
Let z be (1*-2)/1 + 21. Suppose 11*f + 176 - 308 = 0. Suppose -4*g + f = 0, -g + z = 5*x - 19. Let a(u) = -u**3 + 7*u**2 + 4. Determine a(x).
4
Let z(l) = -2*l + 7*l**2 + 7 + 10 - 7 - 6 - 3. What is z(1)?
6
Let k(m) = -533*m - 541*m - 526*m + 1577*m - 666. Determine k(-29).
1
Let a(w) = 4*w**2 + 5*w - 4. Let s(f) = -4*f**2 - 6*f + 5. Let x(v) = 5*a(v) + 4*s(v). Let j be ((-2)/(-12))/(56/(-336)). Determine x(j).
3
Let s(j) be the second derivative of -1/2*j**3 - 1/20*j**5 - 3*j**2 - 1/12*j**4 + 2 - 230*j. What is s(-2)?
4
Suppose 0 = 620*r - 617*r - 6. Let o(a) = -7*a - 14*a**r - 8 + 22*a**2 - a**2 - 8*a**2. Give o(-7).
-8
Suppose 273 + 189 = 66*i. Let o(x) = -x**3 + 6*x**2 + 5*x + 13. Calculate o(i).
-1
Suppose -6*c + 9*c = 4*k - 25, 5*c = k - 36. Let g(n) = -n**2 - 9*n - 11. Give g(c).
3
Let j(y) = 4*y**2 + 5*y + 10. Let b(n) = 5*n**2 + 4*n + 10. Let a be -95*3/(-45) + (-2)/6. Let g(x) = a*j(x) - 5*b(x). Suppose -2*k + 20 = -0*k. Determine g(k).
10
Let y(a) = a + 3. Let s(v) = -2*v - 17. Let d(t) = -t**3 + 8*t**2 - 8*t + 13. Let b be d(7). Let l(q) = b*y(q) + s(q). Determine l(5).
21
Let l(j) = -j + 62. Let k(d) = 30. Let y be (-40)/25 + 7/(35/(-2)). Let w(a) = y*l(a) + 5*k(a). Determine w(-11).
4
Let u(i) = -7*i**2 + i + 1. Let z(p) = -3*p**2 - 4*p - 6. Let a be z(-4). Let y = -68 - a. Let f = y + 29. Calculate u(f).
-7
Suppose -12*j = 10*j - 924. Let f(u) = 20*u**3 + 12*u**2 + 21*u**3 + u + 11 - j*u**3. What is f(12)?
23
Suppose 9 - 13 = 2*v + q, 2*v + 3*q = -12. Let c be (20 - 21)/(v + (-1)/6). Let l(z) = z**3 - 7*z**2 + 4*z + 7. Calculate l(c).
-5
Let a(p) = 5*p**3 - 4*p**3 + 6 + 54 + 33*p**2 - 23*p - 9*p**2. Let i be a(-25). Let j(u) = u**2 - 11*u + 11. Calculate j(i).
1
Let u(i) = -10*i - 1. Let z(s) = 2*s**2 + 46*s - 2. Let f be z(-23). Let r = 5 - 3. Let v be r/2*(-4 + 4) + f. Give u(v).
19
Let a(u) = u**3 + 7*u**2 - 4*u - 4. Let s be a(-4). Let j = s - 59. Let q(i) = -j + 3*i - i**2 - 6 + 10. Determine q(4).
-1
Let v(i) = 9*i + 8. Let t be 3/(-4) - (-2607)/(-316). Calculate v(t).
-73
Suppose i + 2*c - 3 = 0, -4*i - 17 = -c + 7. Let m(s) be the third derivative of -5*s**4/24 + s**3/6 + 16*s**2 - s - 4. What is m(i)?
26
Let i(l) = l**2 - 14*l + 24. Let g be i(12). Suppose g = -j - 9*j + 110. Let y(v) = v - 6. Give y(j).
5
Suppose -4*w + 10 = 3*q, -4*w + 3*q = -2*q - 26. Suppose 0*j - w*u = 4*j, 2*j = 3*u + 10. Let a(g) = 3*g - 1. Calculate a(j).
5
Let k(v) = -18*v + 472. Let z(m) = 76*m - 2006. Let p(s) = 17*k(s) + 4*z(s). Suppose -4*o = -3*o - 3. Determine p(o).
-6
Let w = 436 + -433. Let o(r) = w + 4 - 7*r + r + 2 + r. Give o(7).
-26
Let z(y) = 2*y + 2. Let j(n) = -n**2 - 4*n + 13. Let g be j(-9). Let d = 37 + g. Suppose 4*c + 23 = d*p, -13 = 4*c + 5*p + 20. Determine z(c).
-12
Let n(r) = r**2 + r - 4. Suppose 60*d + 19*d + 316 = 0. What is n(d)?
8
Let h(u) be the second derivative of -u**5/20 + u**4/2 + u**3/3 - 5*u**2/2 - 61*u + 6. Calculate h(6).
7
Let m(i) = i**2 + 6*i + 4. Let j be m(-5). Let z(u) = -1. Let b(h) = 31*h + 6. Let k be 4/2*10/4. Let q(g) = k*z(g) + b(g). Determine q(j).
-30
Let s be ((-1)/2)/(1/10). Let f(a) be the second derivative of -a**3/2 + a**2 + 125*a. Let u(z) = 6*z - 13. Let x(p) = 3*f(p) + u(p). Calculate x(s).
8
Let z(k) = -31 - 55567*k + 27786*k + 27800*k - 3*k**2. Calculate z(3).
-1
Let w(d) be the first derivative of -d**4/4 - 6*d**3 - 8*d**2 + 36*d + 8760. Determine w(-17).
19
Suppose 37 = 3*o + o + s, 4*o - 47 = -3*s. Let z be o/((-14)/(-7)) - 6. Let m(w) = -2*w - 1. Give m(z).
3
Let r(b) = b**2 - 2*b - 7. Suppose 2*y = -0*z - 4*z - 2154, -4*y = 5*z + 2697. Let g = z - -532. Give r(g).
28
Suppose -3*w - s = -7*s + 48, 3*w + s + 6 = 0. Let g(o) be the second derivative of -o**5/20 - o**4/4 + 5*o**3/6 + 2*o**2 + o. Determine g(w).
0
Suppose 1 = 14*c - 19*c + 16. Let t(r) = -2*r**3 + 2*r**2 + 7*r - 7. Determine t(c).
-22
Let d(t) = -9 + 131*t**2 - 2124*t - 138*t**2 + 2122*t + t**3. What is d(8)?
39
Let s(u) = -u + 2. Let g(z) = -2*z + 5. Let b(l) = -6*g(l) + 11*s(l). Let y be b(12). Let n(c) = 20 - 16 + 0*c - 3*c + 5*c. Give n(y).
12
Let b be (-207)/138*((-8)/6)/2. Suppose -4 = -j - b. Let z(d) = d**2 - 2*d + 1. Calculate z(j)